{"id":197380,"date":"2025-10-17T13:41:40","date_gmt":"2025-10-17T17:41:40","guid":{"rendered":"https:\/\/onbcanada.ca\/?post_type=tribe_events&#038;p=197380"},"modified":"2026-04-21T15:19:35","modified_gmt":"2026-04-21T19:19:35","slug":"programme-de-developpement-de-lentree-sur-le-marche-pdem","status":"publish","type":"tribe_events","link":"https:\/\/onbcanada.ca\/fr\/event\/programme-de-developpement-de-lentree-sur-le-marche-pdem\/","title":{"rendered":"Programme de d\u00e9veloppement de l\u2019entr\u00e9e sur le march\u00e9 (PDEM)"},"content":{"rendered":"<p><!--StartFragment --><\/p>\n<p class=\"pf0\"><span class=\"cf0\">Le Programme de d\u00e9veloppement de l\u2019entr\u00e9e sur le march\u00e9s (PDEM) aide les entreprises du Canada Atlantique poss\u00e9dant des produits ou services pr\u00eats \u00e0 l\u2019exportation \u00e0 acc\u00e9l\u00e9rer leur entr\u00e9e et\/ou \u00e0 d\u00e9velopper leurs exportations sur les march\u00e9s europ\u00e9ens et\/ou indo-pacifiques. Le programme est offert sous forme d&rsquo;option de 10 ou 20 jours, toutes deux con\u00e7ues pour aider les entreprises \u00e0 surmonter les obstacles et \u00e0 att\u00e9nuer les risques gr\u00e2ce \u00e0 un soutien personnalis\u00e9, des \u00e9tudes de march\u00e9, des relations d&rsquo;affaires et plus encore.<\/span><\/p>\n<p class=\"pf0\"><span class=\"cf0\">\u00a0<\/span><span class=\"cf0\">Le PDEM soutient \u00e9galement l\u2019analyse de la cha\u00eene d\u2019approvisionnement, avec un financement pouvant couvrir jusqu\u2019\u00e0 90\u202f% du co\u00fbt de la collaboration avec des consultants en affaires internationaux pour repenser, diversifier ou renforcer votre cha\u00eene d\u2019approvisionnement. Que ces march\u00e9s soient d\u00e9j\u00e0 dans votre ligne de mire ou qu&rsquo;elles ne soient encore qu&rsquo;une id\u00e9e, le programme vous fournit les outils et le soutien dont vous avez besoin pour vous d\u00e9velopper en toute confiance.<\/span><\/p>\n<p><em>Ce projet est soutenu par le gouvernement du Canada et les quatre provinces atlantiques dans le cadre de l\u2019Accord sur le commerce, l\u2019investissement et la croissance de l\u2019Atlantique.<\/em><\/p>\n<p><!--EndFragment --><\/p>\n","protected":false},"excerpt":{"rendered":"<p>Le Programme de d\u00e9veloppement de l\u2019entr\u00e9e sur le march\u00e9s (PDEM) aide les entreprises du Canada Atlantique poss\u00e9dant des produits ou services pr\u00eats \u00e0 l\u2019exportation \u00e0 acc\u00e9l\u00e9rer leur entr\u00e9e et\/ou \u00e0 [&hellip;]<\/p>\n","protected":false},"author":19,"featured_media":197379,"template":"","meta":{"_seopress_robots_primary_cat":"","_seopress_titles_title":"","_seopress_titles_desc":"","_seopress_robots_index":"","_tribe_events_status":"","_tribe_events_status_reason":"","_tribe_events_is_hybrid":"","_tribe_events_is_virtual":"","_tribe_events_virtual_video_source":"","_tribe_events_virtual_embed_video":"","_tribe_events_virtual_linked_button_text":"","_tribe_events_virtual_linked_button":"","_tribe_events_virtual_show_embed_at":"","_tribe_events_virtual_show_embed_to":[],"_tribe_events_virtual_show_on_event":"","_tribe_events_virtual_show_on_views":"","_tribe_events_virtual_url":"","footnotes":""},"tags":[],"tribe_events_cat":[],"class_list":["post-197380","tribe_events","type-tribe_events","status-publish","has-post-thumbnail","hentry"],"meta_box":{"type_of_event":"Programme","sector":"Multisectoriel","key_features":"Connaissance du march\u00e9, services strat\u00e9giques d'entr\u00e9e sur le march\u00e9, activation et ex\u00e9cution du march\u00e9, cha\u00eene d'approvisionnement, coaching individuel, rencontres interentreprises, g\u00e9n\u00e9ration de prospects, formation","recommended_for":"Nouveaux exportateurs et exportateurs actifs","primary_region_of_focus":"Europe et r\u00e9gion indo-pacifique","participation_fees":"\u00c0 partir de 1 250 $ (voyage et h\u00e9bergement non inclus)","application_deadline":"Les candidatures sont accept\u00e9es de fa\u00e7on continue jusqu\u2019\u00e0 ce que la capacit\u00e9 du programme soit atteinte.","got_a_question":"<p>Bary Pope<br \/>\n<a href=\"mailto:barry.pope@onbcanada.ca\"><strong>barry.pope@onbcanada.ca<\/strong><\/a><\/p>\n","event_status":"Confirmed","ticket_url":"https:\/\/medp-pdem.ca\/wp-content\/uploads\/2025\/02\/MEDP-Application-FR-2025.pdf","ticket_button_text":"Postulez maintenant","disclaimer":""},"_links":{"self":[{"href":"https:\/\/onbcanada.ca\/fr\/wp-json\/wp\/v2\/tribe_events\/197380","targetHints":{"allow":["GET"]}}],"collection":[{"href":"https:\/\/onbcanada.ca\/fr\/wp-json\/wp\/v2\/tribe_events"}],"about":[{"href":"https:\/\/onbcanada.ca\/fr\/wp-json\/wp\/v2\/types\/tribe_events"}],"author":[{"embeddable":true,"href":"https:\/\/onbcanada.ca\/fr\/wp-json\/wp\/v2\/users\/19"}],"version-history":[{"count":4,"href":"https:\/\/onbcanada.ca\/fr\/wp-json\/wp\/v2\/tribe_events\/197380\/revisions"}],"predecessor-version":[{"id":241643,"href":"https:\/\/onbcanada.ca\/fr\/wp-json\/wp\/v2\/tribe_events\/197380\/revisions\/241643"}],"wp:featuredmedia":[{"embeddable":true,"href":"https:\/\/onbcanada.ca\/fr\/wp-json\/wp\/v2\/media\/197379"}],"wp:attachment":[{"href":"https:\/\/onbcanada.ca\/fr\/wp-json\/wp\/v2\/media?parent=197380"}],"wp:term":[{"taxonomy":"post_tag","embeddable":true,"href":"https:\/\/onbcanada.ca\/fr\/wp-json\/wp\/v2\/tags?post=197380"},{"taxonomy":"tribe_events_cat","embeddable":true,"href":"https:\/\/onbcanada.ca\/fr\/wp-json\/wp\/v2\/tribe_events_cat?post=197380"}],"curies":[{"name":"wp","href":"https:\/\/api.w.org\/{rel}","templated":true}]}}

Programme de développement de l’entrée sur le marché (PDEM)

<p><!--StartFragment --></p>
<p class="pf0"><span class="cf0">Le Programme de développement de l’entrée sur le marchés (PDEM) aide les entreprises du Canada Atlantique possédant des produits ou services prêts à l’exportation à accélérer leur entrée et/ou à développer leurs exportations sur les marchés européens et/ou indo-pacifiques. Le programme est offert sous forme d&rsquo;option de 10 ou 20 jours, toutes deux conçues pour aider les entreprises à surmonter les obstacles et à atténuer les risques grâce à un soutien personnalisé, des études de marché, des relations d&rsquo;affaires et plus encore.</span></p>
<p class="pf0"><span class="cf0"> </span><span class="cf0">Le PDEM soutient également l’analyse de la chaîne d’approvisionnement, avec un financement pouvant couvrir jusqu’à 90 % du coût de la collaboration avec des consultants en affaires internationaux pour repenser, diversifier ou renforcer votre chaîne d’approvisionnement. Que ces marchés soient déjà dans votre ligne de mire ou qu&rsquo;elles ne soient encore qu&rsquo;une idée, le programme vous fournit les outils et le soutien dont vous avez besoin pour vous développer en toute confiance.</span></p>
<p><em>Ce projet est soutenu par le gouvernement du Canada et les quatre provinces atlantiques dans le cadre de l’Accord sur le commerce, l’investissement et la croissance de l’Atlantique.</em></p>
<p><!--EndFragment --></p>

<p>Le Programme de développement de l’entrée sur le marchés (PDEM) aide les entreprises du Canada Atlantique possédant des produits ou services prêts à l’exportation à accélérer leur entrée et/ou à [&hellip;]</p>

Connaissance du marché, services stratégiques d'entrée sur le marché, activation et exécution du marché, chaîne d'approvisionnement, coaching individuel, rencontres interentreprises, génération de prospects, formation

Europe et région indo-pacifique

À partir de 1 250 $ (voyage et hébergement non inclus)

Les candidatures sont acceptées de façon continue jusqu’à ce que la capacité du programme soit atteinte.
